ue
Does 788 divide 657192?
True
Is 4 a factor of 119561?
False
Is 107334 a multiple of 151?
False
Does 5 divide 1466093?
False
Is 314208 a multiple of 48?
True
Does 13 divide 236007?
False
Is 84 a factor of 187572?
True
Is 10 a factor of 1022390?
True
Does 51 divide 4599746?
False
Does 2 divide 5329?
False
Is 74 a factor of 1650584?
False
Is 476 a factor of 1257006?
False
Is 64 a factor of 75584?
True
Is 16 a factor of 62132?
False
Is 667 a factor of 117392?
True
Is 270 a factor of 231930?
True
Is 181476 a multiple of 5?
False
Does 125 divide 125250?
True
Is 27478 a multiple of 11?
True
Does 16 divide 13808?
True
Is 12 a factor of 2372279?
False
Is 178 a factor of 266288?
True
Does 9 divide 22834?
False
Is 8 a factor of 88072?
True
Does 225 divide 1107225?
True
Is 2576430 a multiple of 18?
True
Does 10 divide 842698?
False
Is 265 a factor of 212577?
False
Is 3 a factor of 9372?
True
Is 77 a factor of 185647?
True
Is 191 a factor of 129754?
False
Is 29 a factor of 808346?
True
Is 52 a factor of 840164?
True
Is 223 a factor of 612862?
False
Is 8917345 a multiple of 942?
False
Is 190452 a multiple of 70?
False
Does 21 divide 3908604?
True
Does 24 divide 4330272?
True
Is 145907 a multiple of 50?
False
Is 9 a factor of 22064?
False
Does 60 divide 66739?
False
Is 204 a factor of 4965360?
True
Is 573044 a multiple of 119?
False
Is 228335 a multiple of 62?
False
Is 201 a factor of 3427251?
True
Is 56 a factor of 1291696?
True
Does 7 divide 679262?
False
Is 3202245 a multiple of 11?
False
Is 6549742 a multiple of 62?
True
Is 4158 a multiple of 126?
True
Does 7 divide 300758?
False
Does 17 divide 84747?
False
Does 13 divide 1925079?
True
Is 114789 a multiple of 461?
True
Does 28 divide 270110?
False
Is 926574 a multiple of 105?
False
Is 379137 a multiple of 83?
False
Does 1398 divide 16022478?
True
Does 733 divide 68902?
True
Is 104904 a multiple of 372?
True
Is 9877448 a multiple of 28?
True
Is 505364 a multiple of 228?
False
Does 80 divide 861474?
False
Does 4 divide 453032?
True
Does 201 divide 796563?
True
Is 106 a factor of 6858932?
False
Is 506325 a multiple of 215?
True
Does 24 divide 11936061?
False
Does 54 divide 476100?
False
Is 164261 a multiple of 45?
False
Does 27 divide 355401?
True
Is 19385 even?
False
Is 170397 even?
False
Does 56 divide 11097296?
True
Is 124 a factor of 605120?
True
Does 62 divide 220535?
False
Is 1929128 a multiple of 2?
True
Is 176480 a multiple of 32?
True
Is 824256 a multiple of 36?
True
Is 950710 a multiple of 436?
False
Is 723 a factor of 15949468?
False
Is 92 a factor of 9602923?
False
Does 47 divide 211484?
False
Is 18 a factor of 2644902?
True
Is 293317 a multiple of 137?
True
Is 63 a factor of 615636?
True
Is 1556641 a multiple of 24?
False
Is 2856322 a multiple of 870?
False
Does 7 divide 358627?
False
Is 15 a factor of 177480?
True
Does 36 divide 91944?
True
Does 4 divide 802708?
True
Does 84 divide 5075?
False
Does 61 divide 439261?
True
Is 14 a factor of 3686184?
False
Does 112 divide 2248036?
False
Is 11515 a multiple of 5?
True
Does 11 divide 310360?
False
Does 1069 divide 2672757?
False
Is 695121 a multiple of 79?
True
Is 3 a factor of 194155?
False
Does 522 divide 246975?
False
Does 11 divide 1320?
True
Does 12 divide 93540?
True
Is 4 a factor of 6648?
True
Is 335120 a multiple of 127?
False
Does 189 divide 4886217?
True
Does 438 divide 288204?
True
Is 81 a factor of 1388340?
True
Is 126 a factor of 19026?
True
Is 453 a factor of 1779278?
False
Is 78 a factor of 68562?
True
Is 50949 a multiple of 27?
True
Is 6 a factor of 760436?
False
Is 856183 a multiple of 275?
False
Is 51 a factor of 961656?
True
Is 2540230 a multiple of 10?
True
Is 10590543 a multiple of 26?
False
Is 20 a factor of 11266680?
True
Does 86 divide 47309?
False
Is 556 a factor of 55179?
False
Does 945 divide 9155136?
False
Does 653 divide 6157542?
False
Is 3103704 a multiple of 36?
True
Is 6 a factor of 71764?
False
Is 3302640 a multiple of 556?
True
Does 113 divide 1274610?
False
Does 1051 divide 1678112?
False
Is 26304 a multiple of 16?
True
Is 13 a factor of 489125?
True
Is 541 a factor of 95603?
False
Is 429101 a multiple of 60?
False
Does 12 divide 297844?
False
Is 33 a factor of 211004?
False
Does 77 divide 8120456?
False
Is 53 a factor of 1279795?
False
Does 27 divide 45189?
False
Is 10339201 a multiple of 9?
False
Is 1095150 a multiple of 210?
True
Is 74 a factor of 316285?
False
Does 134 divide 327577?
False
Is 7 a factor of 1988340?
False
Is 783 a factor of 1041832?
False
Does 27 divide 872208?
True
Is 2918930 a multiple of 115?
True
Is 165296 a multiple of 18?
False
Does 944 divide 6497552?
True
Is 352 a factor of 473440?
True
Is 5 a factor of 238835?
True
Is 338 a factor of 644152?
False
Does 5 divide 668650?
True
Does 9 divide 69129?
True
Is 2 a factor of 189569?
False
Does 105 divide 329650?
False
Does 5 divide 117455?
True
Is 21 a factor of 2134936?
False
Is 17 a factor of 205977?
False
Is 12 a factor of 637461?
False
Is 65 a factor of 1500856?
False
Does 23 divide 6598792?
True
Is 323 a factor of 121771?
True
Is 16 a factor of 49036?
False
Is 16949919 a multiple of 483?
True
Is 22 a factor of 230230?
True
Is 28763 a multiple of 7?
True
Is 140450 a multiple of 10?
True
Is 260488 a multiple of 53?
False
Is 106180 a multiple of 31?
False
Is 2044152 a multiple of 36?
True
Is 239055 a multiple of 152?
False
Is 1761662 a multiple of 5?
False
Is 261560 a multiple of 65?
True
Is 291170 a multiple of 9?
False
Is 5344521 a multiple of 273?
True
Is 271 a factor of 996819?
False
Is 50185 a multiple of 73?
False
Does 6 divide 126424?
False
Is 432 a factor of 10514448?
True
Is 4318112 a multiple of 184?
True
Is 3 a factor of 165716?
False
Is 1070616 a multiple of 744?
True
Is 2163546 a multiple of 33?
True
Is 1213 a factor of 3048127?
False
Does 63 divide 60480?
True
Is 1543 a factor of 11094170?
True
Is 372 a factor of 515220?
True
Does 10 divide 1268737?
False
Does 322 divide 1648962?
True
Is 1680616 a multiple of 28?
True
Does 349 divide 4551188?
False
Does 50 divide 202650?
True
Is 34 a factor of 62607?
False
Is 800037 a multiple of 11?
False
Does 864 divide 5019975?
False
Is 35789 a multiple of 327?
False
Is 6753252 a multiple of 726?
True
Does 23 divide 5196597?
True
Is 21108 a multiple of 4?
True
Is 31 a factor of 1015498?
True
Does 503 divide 9518016?
False
Is 97 a factor of 4810424?
True
Is 286 a factor of 91603?
False
Is 5 a factor of 4913695?
True
Is 648046 a multiple of 82?
True
Is 3 a factor of 2127248?
False
Is 19 a factor of 639947?
False
Does 58 divide 1272978?
False
Does 38 divide 27198?
False
Is 1589687 a multiple of 17?
True
Does 288 divide 4230720?
True
Is 148 a factor of 939208?
True
Is 375364 a multiple of 17?
False
Is 120960 a multiple of 90?
True
Is 89 a factor of 87511?
False
Does 7 divide 323175?
False
Does 8 divide 1990616?
True
Is 422023 a multiple of 42?
False
Is 300754 a multiple of 113?
False
Does 4 divide 2212?
True
Does 9 divide 2273067?
True
Is 1911748 a multiple of 16?
False
Is 168412 a multiple of 142?
True
Does 254 divide 1052322?
True
Is 25 a factor of 74875?
True
Is 85 a factor of 1310785?
True
Is 997764 a multiple of 17?
True
Is 236 a factor of 16995776?
True
Is 15 a factor of 295920?
True
Does 6 divide 2580978?
True
Is 13 a factor of 3075385?
False
Does 70 divide 12467070?
True
Is 4335 even?
False
Is 320829 a multiple of 17?
False
Is 50 a factor of 1429331?
False
Is 129 a factor of 10762771?
False
Is 342496 a multiple of 352?
True
Is 27 a factor of 177362?
False
Does 91 divide 21719789?
True
Is 2032210 a multiple of 61?
False
Does 55 divide 119598?
False
Is 13 a factor of 124137?
True
Is 1649567 a multiple of 2821?
False
Is 166 a factor of 517754?
True
Does 59 divide 1777533?
False
Does 939 divide 2782257?
True
Is 49597 a multiple of 20?
False
Is 277 a factor of 192770?
False
Does 15 divide 1685607?
False
Does 532 divide 227927?
False
Is 744857 a multiple of 38?
False
Is 7015 a multiple of 23?
True
Does 54 divide 343618?
False
Is 66 a factor of 1449086?
False
Is 484 a factor of 307340?
True
Is 4573491 a multiple of 1369?
False
Does 10 divide 253435?
False
Is 411232 a multiple of 284?
True
Is 36 a factor of 8048592?
True
Does 9 divide 10521?
True
Is 60 a factor of 74471?
False
Does 11 div